{"id":231,"date":"2025-01-05T16:07:44","date_gmt":"2025-01-05T16:07:44","guid":{"rendered":"https:\/\/wp2139956.hostingrd.pl\/?page_id=231"},"modified":"2025-01-05T16:07:44","modified_gmt":"2025-01-05T16:07:44","slug":"list-lolek-bielas-1990","status":"publish","type":"page","link":"https:\/\/wp2139956.hostingrd.pl\/index.php\/list-lolek-bielas-1990\/","title":{"rendered":"List &#8211; Lolek Bielas 1990"},"content":{"rendered":"<p>Drogi Loleniu !<br \/>\n&nbsp;&nbsp;&nbsp;&nbsp;&nbsp;&nbsp;&nbsp;&nbsp;&nbsp;&nbsp;&nbsp;&nbsp;&nbsp;&nbsp;&nbsp;&nbsp;&nbsp;&nbsp;&nbsp;&nbsp;&nbsp;&nbsp;&nbsp;&nbsp;&nbsp;&nbsp;&nbsp;&nbsp;&nbsp;&nbsp;&nbsp; Sta\u0142e\u015b si\u0119 pono\u0107<br \/>\nna kurowanie wielce zajad\u0142y !<br \/>\nCzy Ci\u0119 znudzi\u0142o przyjaci\u00f3\u0142 grono<br \/>\nczy tak do gustu sery przypad\u0142y ?!<\/p>\n<p>A mo\u017ce Twoje post\u0119py by\u0142y<br \/>\nniedostateczne, mi\u0142y Bielasie,<br \/>\ni w\u0142adze &#8220;Mieszka&#8221; Ci\u0119 zostawi\u0142y<br \/>\nna drugi roczek w tej samej klasie ?!<\/p>\n<p>Chcia\u0142em powiedzie\u0107: Na drugi turnus &#8230;<br \/>\nLecz by\u0107 te\u017c mo\u017ce inna przyczyna,<br \/>\nbo mo\u017ce, nagle, dopad\u0142 Ci\u0119 ch\u00f3r Muz,<br \/>\nby\u015b pierwszy turnus wierszem wspomina\u0142 &#8230;?<\/p>\n<p>Ju\u017c widz\u0119: Tabun wydawc\u00f3w lata<br \/>\n(po Twym powrocie na jakie\u015b \u0142ono &#8230;)<br \/>\nby Twoje ody i poemata<br \/>\nwyeksponowa\u0107 czcionk\u0105 z\u0142ocon\u0105 !<\/p>\n<p>Lub dr Dybczy\u0144ska (to te\u017c by\u0107 mo\u017ce !)<br \/>\nprzyku\u0142a Ciebie do &#8220;Mieszka&#8221; swego,<br \/>\nby &#8211; wzorem dawnych W\u0142adc\u00f3w na Dworze &#8211;<br \/>\ndzi\u015b te\u017c poet\u0119 mie\u0107 nadwornego ?!<\/p>\n<p>Prosimy: Czeka Rzeczpospolita !<br \/>\nNie daj si\u0119 kupi\u0107 ! Nie b\u0105d\u017a eksponat !<br \/>\nWszak wiesz &#8211; ARS LONGA, a BREVIS VITA,<br \/>\nTy\u015b w\u0142asno\u015b\u0107 wszystkich ! Ty jeste\u015b ponad &#8230;<\/p>\n<p>Pozdrawiam Ciebie wraz z mecenasem,<br \/>\nczekamy na Ci\u0119, jak ojca dzieci &#8230;<br \/>\nA nim powr\u00f3cisz, wspomnij nas czasem<br \/>\ni nie zostawaj na turnus trzeci !<\/p>\n<p>Warszawa, 15 lipca 1990 r.<\/p>\n","protected":false},"excerpt":{"rendered":"<p>Drogi Loleniu ! &nbsp;&nbsp;&nbsp;&nbsp;&nbsp;&nbsp;&nbsp;&nbsp;&nbsp;&nbsp;&nbsp;&nbsp;&nbsp;&nbsp;&nbsp;&nbsp;&nbsp;&nbsp;&nbsp;&nbsp;&nbsp;&nbsp;&nbsp;&nbsp;&nbsp;&nbsp;&nbsp;&nbsp;&nbsp;&nbsp;&nbsp; Sta\u0142e\u015b si\u0119 pono\u0107 na kurowanie wielce zajad\u0142y ! Czy Ci\u0119 znudzi\u0142o przyjaci\u00f3\u0142 grono czy tak do gustu sery przypad\u0142y ?! A mo\u017ce Twoje post\u0119py by\u0142y niedostateczne, mi\u0142y Bielasie, i w\u0142adze &#8220;Mieszka&#8221; Ci\u0119 zostawi\u0142y na drugi roczek w tej samej klasie ?! Chcia\u0142em powiedzie\u0107: Na drugi turnus &#8230; Lecz by\u0107 te\u017c mo\u017ce &hellip; <\/p>\n<p class=\"link-more\"><a href=\"https:\/\/wp2139956.hostingrd.pl\/index.php\/list-lolek-bielas-1990\/\" class=\"more-link\">Continue reading<span class=\"screen-reader-text\"> &#8220;List &#8211; Lolek Bielas 1990&#8221;<\/span><\/a><\/p>\n","protected":false},"author":1,"featured_media":0,"parent":0,"menu_order":0,"comment_status":"closed","ping_status":"closed","template":"","meta":{"ngg_post_thumbnail":0,"footnotes":""},"class_list":["post-231","page","type-page","status-publish","hentry"],"_links":{"self":[{"href":"https:\/\/wp2139956.hostingrd.pl\/index.php\/wp-json\/wp\/v2\/pages\/231","targetHints":{"allow":["GET"]}}],"collection":[{"href":"https:\/\/wp2139956.hostingrd.pl\/index.php\/wp-json\/wp\/v2\/pages"}],"about":[{"href":"https:\/\/wp2139956.hostingrd.pl\/index.php\/wp-json\/wp\/v2\/types\/page"}],"author":[{"embeddable":true,"href":"https:\/\/wp2139956.hostingrd.pl\/index.php\/wp-json\/wp\/v2\/users\/1"}],"replies":[{"embeddable":true,"href":"https:\/\/wp2139956.hostingrd.pl\/index.php\/wp-json\/wp\/v2\/comments?post=231"}],"version-history":[{"count":1,"href":"https:\/\/wp2139956.hostingrd.pl\/index.php\/wp-json\/wp\/v2\/pages\/231\/revisions"}],"predecessor-version":[{"id":232,"href":"https:\/\/wp2139956.hostingrd.pl\/index.php\/wp-json\/wp\/v2\/pages\/231\/revisions\/232"}],"wp:attachment":[{"href":"https:\/\/wp2139956.hostingrd.pl\/index.php\/wp-json\/wp\/v2\/media?parent=231"}],"curies":[{"name":"wp","href":"https:\/\/api.w.org\/{rel}","templated":true}]}}